)). Let i = p - -271. What are the prime factors of i?
2, 139
Let d(y) = y**3 + 3*y**2 - 5*y - 6. Let k be d(-4). Let g be -6*(0 + (k - -4)). List the prime factors of (6/8)/((-1)/g).
3
Let a(f) = f**2 - f - 8. Let x(j) = j**3 - 5*j**2 + 4*j + 4. Let k be x(4). Let n = k + 2. List the prime factors of a(n).
2, 11
Let s(w) = 2073*w**2 + 3*w - 3. List the prime factors of s(1).
3, 691
Suppose -y + 0*y = -9. Let w be (-46)/(-1) + (y - 7). Suppose -i = -5*i + w. List the prime factors of i.
2, 3
Let p = 5366 - 2566. What are the prime factors of p?
2, 5, 7
Suppose -92 + 4796 = 12*m. Let k = -171 + m. List the prime factors of k.
13, 17
Let n = 85 + 2172. List the prime factors of n.
37, 61
Let i(r) = -3*r**2 + 3*r + 1. Let c be i(-1). Let q(j) = 2*j**2 - 9*j - 10. Let g be q(7). Let a = g + c. List the prime factors of a.
2, 5
Suppose 3*b + 60 = 8*b. Suppose 3*m = b - 0. Suppose -m*n + 15 = 3. List the prime factors of n.
3
Let s(i) = -i - 4. Let b(g) = -5. Let o(c) = -5*b(c) + 6*s(c). Let r be o(-3). Suppose -2*p = 5*t - 34, -p + 0*t + r = 3*t. What are the prime factors of p?
7
Suppose -8*d + d = -168. Let x(f) = -5*f - 1. Let j be x(-1). Suppose d = j*q - q. List the prime factors of q.
2
Let z(j) = -2*j + 5. Let q(r) = -r**2 - 10*r - 12. Let g be q(-9). What are the prime factors of z(g)?
11
Let x(y) = y**3 - 10*y**2 + 5. Suppose 3*k - 5*k = -20. Let b be x(k). Let a = 7 - b. What are the prime factors of a?
2
Suppose 8 = -6*g + 8*g. Suppose g*f - 2*f = -100. What are the prime factors of (-5)/(-2)*(-120)/f?
2, 3
Suppose 2*q + 4 - 13 = -3*b, -32 = -4*b + 4*q. Suppose 0 = -0*g - 2*g + 4*f + 158, -b*g + 384 = f. What are the prime factors of g?
7, 11
Let z(b) = 24*b**2 + 8*b + 8. Suppose -10*j = 35 - 5. List the prime factors of z(j).
2, 5
Suppose 3*j - 12 = 4*r, 2*r + 6*j - 9*j = -12. Suppose r = -3*w + 8*w + p - 16, -3*w - 4*p + 13 = 0. List the prime factors of w.
3
Suppose -4*c - 31 = -11. Let j be (-2 + 7)*(-4)/c. Suppose -j*d - 99 = -7*d. List the prime factors of d.
3, 11
Suppose -2*t = -5*d + 8670, t + 7686 = 5*d - 984. What are the prime factors of d?
2, 3, 17
Let n(o) be the third derivative of -o**4/6 - o**2. Let u be n(4). Let z = 23 + u. List the prime factors of z.
7
Let a = -25 + 233. List the prime factors of a.
2, 13
Let b(s) be the second derivative of 7*s**3/6 - 3*s**2/2 + 21*s. Let d be 0 + 0 + -2 + 4. What are the prime factors of b(d)?
11
Let d = -3361 + 5762. List the prime factors of d.
7
Let z = -1179 - -2968. What are the prime factors of z?
1789
Suppose 0*b = 3*b + 2*v - 8, -v + 19 = 4*b. Let k be (b/9)/(2/(-3)). What are the prime factors of -2 + 3 - 38/k?
3, 13
Suppose -4*n + 2980 = 8*o - 11*o, 722 = n + 5*o. List the prime factors of n.
2, 7, 53
Let q(m) = 258*m**2 - 2*m + 3. What are the prime factors of q(1)?
7, 37
Let s = -449 + 658. Suppose 4*p + 2*y = 172, 5*y = 5*p + 9 - s. List the prime factors of p.
2, 3, 7
Suppose -627 + 7047 = 15*k. List the prime factors of k.
2, 107
List the prime factors of (-6 + 37/6)*2334.
389
Suppose 395 = o - 558. What are the prime factors of o?
953
Suppose -3*l + 3 = -2*l. Suppose -1 = k + 3*s, -k = 5*s - 0*s + l. What are the prime factors of (1 - (-13 - -2)) + k?
2, 7
Let u(n) = 8 + 17*n**2 - 18*n**2 + 2*n + 2*n**3 - 3*n**3. List the prime factors of u(-6).
2, 11
Let r be ((-18)/5*9)/((-18)/45). Let h = 47 + -100. Let v = r + h. What are the prime factors of v?
2, 7
Suppose 0 = -b + 5*b. Suppose -i + 13 + 313 = b. Suppose 122 = 8*u - i. What are the prime factors of u?
2, 7
Let a(s) = -s**3 - s**2 - s + 1. Let w(l) = -7*l**3 - 20*l**2 - 6*l - 12. Let f(y) = 6*a(y) - w(y). List the prime factors of f(-13).
11, 17
Suppose 139*v + 9588 = 145*v. List the prime factors of v.
2, 17, 47
Suppose 2*k - k = 0. Suppose -5*h + k = -15. Suppose 2*o - 261 = -6*t + t, -2*o = h*t - 155. List the prime factors of t.
53
Suppose f - k + 2 = 0, -2*f + 5*k + 0*k + 2 = 0. What are the prime factors of 82/f*(2 - 4)?
41
Let o(i) = -i**3 - 6*i**2 + 6*i - 7. Let z be o(-8). Let w = -58 + z. List the prime factors of w.
3, 5
Let j(r) be the first derivative of r**2 + 33*r + 8. List the prime factors of j(-4).
5
Let h = -88 - -51. Let b = -39 + 106. Let y = b + h. List the prime factors of y.
2, 3, 5
Let g = -2 - -7. Suppose 2*c = -g*z - 2, 0*c = z - c - 1. Suppose 3*j - 1 - 5 = z. What are the prime factors of j?
2
Let j(w) = -3*w - 5. Let h be j(-2). Let s be (1 - h/2)*-2. What are the prime factors of (-2)/(15/21 + s)?
7
Let s be (2/8)/(5/220). Let r(v) = v**3 - 10*v**2 - 12*v + 25. What are the prime factors of r(s)?
2, 7
Suppose 5*k - 1090 = -v, 7*v = 3*k + 5*v - 654. What are the prime factors of k?
2, 109
Suppose -2*b = p - 874 - 988, -7463 = -4*p - 5*b. What are the prime factors of p?
2, 3, 13
Suppose 10894 = 28*d - 15706. What are the prime factors of d?
2, 5, 19
Let v(d) = -d**3 - 13*d**2 - 7*d - 27. Let w be v(-12). Let u = w - -137. What are the prime factors of u?
2, 5
Suppose 3*b - i - 2680 = 4597, -3*b = 3*i - 7281. What are the prime factors of b?
2, 1213
Suppose 4*b + 0*d = -3*d - 63, 0 = b - 3*d - 3. Let a = b - -16. Suppose -3*k = a*j - 132, -2*k = -j - 4*j + 142. List the prime factors of j.
2, 3, 5
List the prime factors of -5 - (188/6)/((-18)/27).
2, 3, 7
Let x(p) = -6*p + 34. Let r be x(5). List the prime factors of ((-5)/r)/(485/(-80) + 6).
2, 5
Let n(d) = -2*d**2 - 8*d - 3. Let g be n(-4). List the prime factors of 703/19 - (0 + g).
2, 5
Let a(f) = -39*f - 30. Let t = -66 - -58. List the prime factors of a(t).
2, 3, 47
Suppose -4*h + 7 = -9. What are the prime factors of (-30)/h*342/(-15)?
3, 19
Let m be 32/24 - (-2)/3. Suppose m*j - 840 = -5*j. What are the prime factors of j?
2, 3, 5
Let v = -13 - -15. Suppose -83 = -3*d - v. Let l = 9 + d. List the prime factors of l.
2, 3
Let p(b) = 117*b - 3. Let y be p(1). Let t = y - 62. What are the prime factors of t?
2, 13
Suppose 0 = -4*r - 484 - 108. Let m = 268 + r. List the prime factors of m.
2, 3, 5
Let x = 2 - -2. Let o be x*(-4)/24*-51. Suppose -l = -3*p + o, -5*l = 3*p - 2*l - 54. List the prime factors of p.
13
Let r be 4/(-20) - 2592/(-10). Let c = r + -182. List the prime factors of c.
7, 11
Let z(s) = -s**2 + 67*s - 157. What are the prime factors of z(29)?
3, 5, 7
Let g be ((-6)/10)/((-4)/(-60)). What are the prime factors of (-5)/1*g/5?
3
List the prime factors of ((-166)/(-8) + 1)/(78/11024).
2, 29, 53
Suppose 5*n - 4878 = 38*m - 35*m, 2*m - 4898 = -5*n. What are the prime factors of n?
2, 3, 163
Let r(y) = 10*y - 40 + 66 - 4*y. What are the prime factors of r(4)?
2, 5
Suppose 0 = c - 3*c - 4*b + 22, -2*c + 4*b - 2 = 0. List the prime factors of 292*(c - 2 - (-20)/(-8)).
2, 73
Let d = 59 + -43. Let c(p) = p**2 - 16*p + 26. What are the prime factors of c(d)?
2, 13
Let o(r) = 5*r**3 + 44*r**2 + 8*r + 10. What are the prime factors of o(-7)?
5, 79
Let h(w) = -177*w - 5. What are the prime factors of h(-3)?
2, 263
Let s(c) = 4*c - 18. Let r(t) = -3*t + 19. Let b(u) = 6*r(u) + 5*s(u). What are the prime factors of b(16)?
2, 7
Let g(i) = 50*i + 10. Let f(p) = -p. Let j(k) = -60*f(k) - g(k). Let t be j(5). Suppose -o = 3*o - t. What are the prime factors of o?
2, 5
Suppose 0 = 48*t - 153 - 231. Let d(j) = 0 - 1 - j**2 + 10*j + 3. What are the prime factors of d(t)?
2, 3
Let r(w) = 5*w**3 - w**2 + w. Let k be r(1). Suppose -8*b = -4*b + 4*t + 24, -4*b = -k*t - 3. What are the prime factors of (-2)/6 + (-76)/b?
5
Let l(d) = 27*d - 26. List the prime factors of l(10).
2, 61
Suppose 2*a = -2*z - 2, 2*z - 2 = 4*a - 2*a. Suppose z = 4*t + 3 - 15. What are the prime factors of -15*(-8)/t + -4?
2, 3
Let p = 3952 - 1178. What are the prime factors of p?
2, 19, 73
Let u(h) = h**2 - h + 1. Let y(o) = 3*o**3 + 24*o**2 - 18*o + 15. Let d(c) = 18*u(c) - y(c). List the prime factors of d(-4).
3, 11
Let y(f) be the second derivative of -5*f**3/2 + 19*f**2/2 - 16*f. List the prime factors of y(-9).
2, 7, 11
Suppose 4*a - 6640 - 10985 = -s, a + 4*s = 4425. List the prime factors of a.
5, 881
Suppose 3*a = x - 3, -12 = -x - 5*a + 7. Suppose 2 = n - x. What are the prime factors of n?
11
What are the prime factors of (10 + 28/(-8))*8?
2, 13
Let k = 11 + -6. Suppose -k*m + 4 = 14. List the prime factors of (3 + -2)*52 + m.
2, 5
Let c(n) be th